 = h - -43. Let b = -14 - l. List the prime factors of b.
17
Let o(d) = 2*d**3 - 9*d**2 + 2*d + 17. What are the prime factors of o(7)?
2, 3, 23
Suppose 9*a - 6*a - 327 = 0. What are the prime factors of a?
109
Suppose -y + z + 36 = 0, 0 = 6*y - 2*y + 5*z - 108. Let f = y - 21. What are the prime factors of f?
11
Let x = -14 - -30. List the prime factors of x.
2
Let m be (-6)/(-8) - (-486)/24. Suppose 1 + 3 = y, -5*n + y = -m. What are the prime factors of n?
5
Let p = -94 + 136. What are the prime factors of p?
2, 3, 7
Let k = 7 - -10. List the prime factors of k.
17
Suppose 2*r + r = -351. List the prime factors of r/6*(-2)/3.
13
Suppose -5*n - 195 = -5*c, -6 - 6 = 3*n. List the prime factors of c.
5, 7
Let u(n) = n**2 - n. Let x be u(2). What are the prime factors of (x/6)/(5/285)?
19
Let h be 2/6 + (-26)/6. Let i be (-78)/(-8) + (-1)/h. Suppose -3*p - 1 = -i. List the prime factors of p.
3
Suppose -7*d + 3*d = -v - 17, 65 = -3*v + 5*d. Let g = -10 - v. What are the prime factors of g?
3, 5
Suppose 3*z = 3*d - d - 195, 0 = -3*z - 9. What are the prime factors of d?
3, 31
Suppose k + 2 = 5*a, -4*k + 11 = -a - 0*k. Let b be a*1*-3*1. Let o = 10 + b. List the prime factors of o.
7
Let v(g) = 110*g. Let r(i) = i. Let w(j) = 132*r(j) - v(j). List the prime factors of w(1).
2, 11
Suppose 2*w + 2*m + m = -11, -4*w + 3*m = -23. Suppose -5*v - 2*y = -y - 137, -46 = -w*v + 4*y. List the prime factors of v.
3
Let h = 292 + -125. List the prime factors of h.
167
Let a(l) = -6*l - 2. Suppose v = -v - 6. What are the prime factors of a(v)?
2
Suppose 3*w - 22 = 14. Suppose 0 = 4*v - 2*g - w, 7*g - 2*g - 10 = 0. Suppose -z - v = -11. What are the prime factors of z?
7
Suppose -a - 2*p = -19, 3*p = -3*a + 6*p + 93. List the prime factors of a.
3
Suppose 5*c + 0 - 10 = 0. Suppose 0 = c*b - 3*b. Suppose 3*h - 2*q - 6 = 20, -5*h + 5*q + 45 = b. List the prime factors of h.
2
Let g be ((-2)/4)/((-2)/20). Let p be 2/g + (-111)/15. Let n = p - -19. List the prime factors of n.
2, 3
Suppose -130 - 94 = -a. What are the prime factors of a?
2, 7
Let u be (-3)/(-2)*2/3. Let q be u*(-5 + 0 + 0). Let m = q - -12. What are the prime factors of m?
7
Suppose -v - 3 = 3*i + i, 0 = 5*i - 2*v - 6. What are the prime factors of 11 + (3/(-3) - i)?
2, 5
Let o(v) = 2*v**2 + v + 1. Let m(q) = -q + 5. Let c be m(6). Let u be o(c). List the prime factors of (u - -16)/(2/1).
3
Suppose -17*t + 966 = -3*t. What are the prime factors of t?
3, 23
Suppose -4*g + 6*g = 0. Suppose -6*y + 5*y + 51 = g. List the prime factors of y.
3, 17
Let m be (276/8)/(-3)*-10. Suppose 5*q - 2*p = -23 + m, 36 = 2*q - p. List the prime factors of q.
2, 5
Let b(i) = -i**3 + 9*i**2 + i - 22. What are the prime factors of b(6)?
2, 23
Let y = -58 + 108. What are the prime factors of y?
2, 5
Let r = 3 + -1. Suppose -r*g + 62 = -0*g. Let y = g - 21. What are the prime factors of y?
2, 5
Let c be 94*(-1 + 4 + -2). Let b be c/18 - 4/18. Suppose b*s + 1 = 21. List the prime factors of s.
2
Let d(f) = -f**2 - f + 52. Let m be d(0). Suppose 0 = 2*u - 4*z - m, 2*u - 3*z - 63 + 10 = 0. List the prime factors of u.
2, 7
Suppose 2*r = -3*r + 60. Suppose -t - r = -5*t. Suppose -4 = c, -5*l - t*c - 4 + 57 = 0. List the prime factors of l.
13
Let m be 1/4 - (-33)/12. Suppose 8 = -4*h + y, -1 = -h - 3*y - m. What are the prime factors of h/3*(-45)/6?
5
Suppose -5*z + 450 = -4*l - 11, -4*l - 182 = -2*z. List the prime factors of z.
3, 31
Let c(s) = -s**3 + 6*s**2 - 5*s + 1. Let t be c(5). Let m(v) = 6*v + v**2 + t - 4 + 1. List the prime factors of m(-7).
5
Suppose -3*u = -5*u + 16. Suppose -u = q + 3. Let c = 14 + q. List the prime factors of c.
3
Let g = 86 - 49. List the prime factors of g.
37
Let x be (-32)/(-6) + 4/6. Suppose 66 = -2*q + x*q + 2*y, 5*q = 5*y + 120. What are the prime factors of q?
19
Let s(v) = v**2 - 3*v - 1. Let r be s(4). Suppose -9 = -r*g + 24. What are the prime factors of g?
11
Let q(j) = 5*j + 1. Let x be q(1). Let z = x - 9. List the prime factors of 2/6*-7*z.
7
Suppose 4*s + 1 = b, -4*s - b = 2*b - 3. Suppose 0 = -c + 4*a + 37, s = 2*c + 2*a + 1 - 25. What are the prime factors of c?
17
Let j(c) = 28*c - 1. What are the prime factors of j(3)?
83
What are the prime factors of (39/(-5))/((-5)/25)?
3, 13
Suppose -3*u + 5*u - 14 = 0. Suppose -3*r + 36 = -u*r. Let x = -4 - r. What are the prime factors of x?
5
Let o(w) = w**3 + 8*w**2 - 11*w - 12. List the prime factors of o(-9).
2, 3
Suppose 2*z + 5 = 13, f - 2*z = 13. Let a = f + 5. What are the prime factors of a?
2, 13
Let h(j) = -3*j**2 - 4*j - 1. Let i be h(-3). Let m = 26 + i. List the prime factors of m.
2, 5
Let z = 48 + -27. What are the prime factors of z?
3, 7
Suppose n = -3*y + 141, 2*n = 5*y + 3*n - 233. List the prime factors of y.
2, 23
Let m(d) = d**2 + 12*d + 3. Let n(f) = -2*f**2 - 5*f. Let x be n(-4). List the prime factors of m(x).
3
Let p(o) = -o**3 - 2*o**2 - o - 2. Let v be p(-2). Suppose i - 6 = -v*i. Suppose -7*d = -4*d - i. List the prime factors of d.
2
Let g = 7 - -3. Suppose -2*j = 10, g*j = 3*c + 5*j - 88. What are the prime factors of c?
3, 7
Let b(p) = -p**3 + 5*p**2 + 3*p + 2. List the prime factors of b(4).
2, 3, 5
Let k(v) = v**3 - 3*v**2 + 7. Let i(o) = o**3 - 3*o**2 - o + 6. Let f(a) = 5*i(a) - 4*k(a). Let j be f(4). Let b = j - -7. List the prime factors of b.
5
Let p = -3 - -4. Let w(j) = 24*j + 1. List the prime factors of w(p).
5
What are the prime factors of ((-1 - -70)/(-3))/(-1)?
23
Let h = 404 + -211. List the prime factors of h.
193
Let h(g) = g**2 + 10*g + 1. Let x(c) = c**2 + 10*c. Let p(l) = -3*h(l) + 2*x(l). List the prime factors of p(-7).
2, 3
Let o = -16 - -22. Suppose -2*m - 68 = -o*m. List the prime factors of m.
17
List the prime factors of 72 - ((-1)/(-1) - 1).
2, 3
Let y be 19/1 - (-12)/(-4). Suppose -y = -5*q + 29. What are the prime factors of q?
3
List the prime factors of (-604)/(-24) + 2/(-12).
5
Let v be (1 + 4)*(-26)/5. List the prime factors of (v/8)/(2/(-8)).
13
Suppose 0 = -2*t + 6. Let z(b) = -b**2 + 3*b + 4. Let n be z(4). Suppose j + 19 = 3*j + k, -3*j - t*k + 24 = n. List the prime factors of j.
11
Let d be 206/8 - 3/4. Let g = d + -14. List the prime factors of g.
11
Let j be (2 - -1)/(12/8). Let c(g) = -3*g**3 + 3*g**2 - 2. Let u be c(j). Let w = u - -23. What are the prime factors of w?
3
Let w(k) = k**2 + 9*k + 6. Suppose 5*y + 23 + 27 = 0. What are the prime factors of w(y)?
2
Let l(a) = -12*a - 5. Let v(j) = -25*j - 10. Let y(o) = 13*l(o) - 6*v(o). Let z be y(-4). Suppose -z = -4*u + 41. What are the prime factors of u?
3, 5
Let k = -21 + 29. Let x(j) be the first derivative of -j**4/4 + 7*j**3/3 + 7*j**2/2 + 10*j - 2. List the prime factors of x(k).
2
Suppose -2*o + 124 + 162 = 5*u, 0 = -4*u + 2*o + 218. What are the prime factors of u?
2, 7
Let d(l) = l**2 - 9*l + 16. Let k(z) = z**2 - 8*z + 15. Let m(x) = -6*d(x) + 7*k(x). What are the prime factors of m(4)?
17
Let d(h) = h**3 - 5*h**2 - 5*h - 4. Let z be d(6). Suppose 0 = 2*w + z*w - 36. Suppose -3*g = -w - 24. List the prime factors of g.
11
Suppose -3*v = k - 0*k + 144, 5*k + 660 = 5*v. What are the prime factors of k/(-7) + 8/(-28)?
19
Let n = -3 + 6. Let p = n + 0. Suppose -p*r + 24 = -r - 2*c, 0 = 5*c - 25. What are the prime factors of r?
17
Suppose -321 = 4*j - 7*j. What are the prime factors of j?
107
What are the prime factors of (-152)/(-2) - (6 - (2 + 1))?
73
Let i = -13 - -45. List the prime factors of i.
2
Let z(l) = 45*l - 4. Let q be z(-4). List the prime factors of q/(-12) - 1/3.
3, 5
List the prime factors of (-1 + (-4)/3)*-18.
2, 3, 7
Let m(a) = -a**3 + 5*a**2 - 5*a + 4. Suppose x = -2 - 1, -3*t = -4*x - 24. Let r be m(t). Suppose -4*c + 30 - 6 = r. What are the prime factors of c?
2, 3
Let g(i) = -3*i**3 - 2*i**2 + i. Let f be g(1). Let k be (18/f)/(6/(-8)). Let x(d) = -d**2 + 8*d + 2. What are the prime factors of x(k)?
2, 7
Let y(n) = n**3 + 6*n**2 + 5. Let c be y(-5). Let d = 64 - c. What are the prime factors of d?
2, 17
Let h(i) = 4*i**2 - 3*i - 7. What are the prime factors of h(4)?
3, 5
Let i = 117 + -74. What are the prime factors of i?
43
Suppose -20 = -3*p + 4. Suppose 0 = p*s - 4*s - 20. List the prime factors of s.
5
Suppose -5*v - 3 + 18 = 0. Suppose 2*l + 2 = 3*l. Let z = v + l. Wh